-3*l + 1512 = 4*d - 1353, 3*l = -15. Calculate the greatest common divisor of d and 45.
45
Let u be (-1)/1*(-9 + -1). Let q be (22/(-6) + (-6)/18)/(-2). Suppose -80 = q*w - 3*w. Calculate the highest common factor of w and u.
10
Let d = 18 + -18. Suppose d = -y + 2 + 3. Suppose y*u + 13 - 38 = 0. What is the greatest common divisor of 1 and u?
1
Suppose 8*a = 4*a + 128. Suppose 4*f + 5*g = 167, 2*f - 3*f + 53 = -g. What is the highest common divisor of f and a?
16
Let m(d) = -d**3 + 18*d**2 + 2*d - 24. Let y be m(18). What is the greatest common factor of y and 32?
4
Let b(f) = -2*f**2 + 25*f + 13. Let g be b(11). What is the highest common divisor of 920 and g?
46
Let u be 2/(-4) + (-10)/(-20). Suppose x + 3*n - 8 = u, -30 = -5*x - n + 66. What is the greatest common factor of x and 20?
20
Let q(t) = -t**3 + 15*t**2 + 26*t - 68. Let y be q(16). What is the highest common divisor of y and 115?
23
Let k(s) = -s**2 + 10*s + 12. Let p be k(11). Let i = 154 + -150. What is the greatest common factor of i and p?
1
Let d(u) = u**3 - 7*u**2 + 6. Let f be d(7). Let g(x) = x**3 + 11*x**2 + 13*x + 21. Let w be g(-9). What is the highest common factor of w and f?
6
Let w(l) = -4*l + 8. Let a be w(2). Suppose -p + 190 = -a*p. What is the highest common divisor of 76 and p?
38
Suppose 3*y = 2*w + 465, 0 = y + 4*w - 155. What is the highest common divisor of y and 5?
5
Let z = -76 - -224. Calculate the greatest common divisor of 37 and z.
37
Let t(b) = b**3 - 4*b**2. Let m be t(4). Suppose -r + 3*u + 7 + m = 0, -u = 4*r - 67. What is the greatest common factor of r and 40?
8
Suppose -4*u = -4*x - 64, 4*u + 2*x - 16 = 3*u. Calculate the greatest common factor of 512 and u.
16
Suppose 0 = -3*n - n - 5*l + 79, -4*n - 4*l + 76 = 0. Let x be (-32)/48 + (-2 - (-688)/6). What is the greatest common divisor of n and x?
16
Let c = -866 - -1546. What is the greatest common factor of c and 85?
85
Let i(o) = 8*o + 36. Let p be i(-9). Let y be 4*(-3)/p + (-1392)/(-9). Calculate the greatest common factor of 62 and y.
31
Let f be 3 - 1 - (-52)/1. Suppose 2*g - 70 + f = 0. Calculate the highest common factor of g and 20.
4
Let s be (1 - -36) + 4/(-2). Suppose -5 = -3*q + 4. Let t be ((-10)/q)/(2/(-3)). What is the greatest common divisor of t and s?
5
Suppose 0 = -33*z + 29494 - 10882. Calculate the highest common divisor of z and 12.
12
Suppose 2*m + 16 = 4*h, 0 = -5*m - 25 + 15. What is the highest common divisor of 12 and h?
3
Let k(q) = q**2 - 9*q + 8. Let u be k(25). Let h = u + -268. Calculate the greatest common divisor of h and 56.
28
Suppose 210*o + 480 = 216*o. Calculate the highest common divisor of o and 304.
16
Let h be 6 + -3 + -23*1. Let l be ((-144)/h)/(14/175). What is the greatest common factor of 15 and l?
15
Let s be (5*1)/((-3)/(-21)). Let a(g) = 8*g**2 + 22*g + 21. Let m be a(-1). Calculate the highest common factor of s and m.
7
Let i be (-151)/17 + 10/(-85). Let r(q) = -q - 9. Let s be r(i). Suppose -3*z + 18 + 60 = s. Calculate the greatest common factor of z and 13.
13
Let w(q) = -q**3 - 7*q**2 - 7*q - 8. Let y be w(-8). Suppose -9 - 29 = -5*k + 3*h, h = -1. Suppose -k*r + 96 = -r. What is the highest common factor of r and y?
16
Let g(k) = 44*k**2. Let t be g(-2). Let w be (1 + -9)*(-16)/(-32) + 26. Calculate the greatest common divisor of t and w.
22
Let r(q) = 10*q + 316. Let x be r(-30). Calculate the greatest common factor of 212 and x.
4
Suppose m - 3*m + 56 = 0. Let o be (15 + -19)/(2/(-126)). What is the highest common factor of o and m?
28
Let k(l) = -24*l + 1. Let x be k(-2). What is the greatest common divisor of 28 and x?
7
Suppose -5*a + i + 105 = 0, 2*a - 4*i - 10 - 50 = 0. Let j be (4 + 8*-1 - -2)*-50. Calculate the highest common divisor of a and j.
20
Let j(l) = 10*l**2 + 2*l - 3. Let y be j(1). Calculate the greatest common divisor of y and 288.
9
Let s(g) = -18*g + 146. Let n be s(7). Calculate the greatest common factor of n and 70.
10
Let l be 0 + -2 - 1/((-10)/100). Let f be 1 - 42*3/(-2). What is the greatest common factor of l and f?
8
Let v(n) = 11*n - 16. Let i be v(5). Let x = 0 - 3. Let d be (2 - (0 + -27)) + x. Calculate the greatest common factor of d and i.
13
Let q = -222 - -309. What is the highest common divisor of q and 58?
29
Let w(a) = -a**2 + 5*a - 3. Let v be w(2). Let i(n) = 2*n**v - n**2 - n - n**3 - n. Let z be i(3). Calculate the greatest common factor of z and 12.
12
Let l be (0 + 6/3)*70. Let y = 103 + -66. Let z = 65 - y. What is the highest common factor of z and l?
28
Suppose 4*u - 161 = -2*k + 75, -u = -4. Suppose k = 4*g - 146. Calculate the greatest common divisor of 160 and g.
32
Suppose -5*k + 25 = 3*u, -3*k - 3*u + 29 = -4*u. Let c = k - 5. Suppose 2*r + c*g = 18, -6*g = 2*r - 2*g - 14. What is the greatest common factor of 10 and r?
5
Let j = 11 - 12. Let b be 2*1/j - -7. Suppose 3*l - 97 = -0*l - 5*y, -l + 19 = b*y. What is the greatest common factor of l and 26?
13
Let o = -186 - -264. Let p = 84 - o. What is the highest common divisor of 84 and p?
6
Suppose -5*y - 4*i = 40 - 0, -2*i - 26 = 4*y. Let a be (60/8)/((-2)/y). Suppose -6*w + 11*w - 15 = 0. What is the greatest common factor of w and a?
3
Let y = -39 - -102. Suppose d + 2*d = 0. Suppose -4*a = -5*z - d + 51, z = 4*a + 23. Calculate the greatest common factor of z and y.
7
Suppose 22*k - 8954 = -3410. Calculate the highest common factor of 24 and k.
12
Let x(p) = p**3 + 5*p**2. Let j(u) = -2*u**3 - 11*u**2 + u - 1. Let a(f) = -3*j(f) - 7*x(f). Let n be a(-4). Calculate the highest common divisor of n and 47.
47
Let n(a) = a**2 - 5*a - 8. Let s be n(6). Let m = s + 3. Suppose -2*u + 2*o = -0*o - 2, 2*o = u + 1. Calculate the highest common factor of m and u.
1
Let t be -78*(-9)/54*8. Calculate the greatest common factor of t and 91.
13
Let g = -605 + 609. Calculate the highest common factor of 4 and g.
4
Suppose 0*o = -4*o + 48. Let j be (-1)/(-2 - (-23)/o). Suppose q - 54 = 54. Calculate the greatest common factor of j and q.
12
Let g = 523 - 412. Calculate the highest common divisor of g and 74.
37
Let q be 696/(-28) + (-2)/14. Let g be (-54)/(-10) + 10/q. Let p(b) = -b**2 + 6*b + 6. Let f be p(g). What is the greatest common divisor of f and 33?
11
Let r(b) = -6*b - 47. Let p be r(-8). Let w be 210 - -20 - p/(-1). What is the greatest common divisor of 21 and w?
21
Let y = 196 + -140. Suppose -3*j + 17 = d, 4*j - 8*j + 2*d + 36 = 0. Suppose 0 = 8*t - j*t - 140. Calculate the highest common factor of t and y.
28
Let x be (2 + -2)*1 - -16. Let h = 374 + -358. What is the greatest common factor of h and x?
16
Let l be (0 + 2)/(-2 + 1). Let b be 6/(-1) - (-14 + 17)*-3. Let t = b + l. What is the greatest common divisor of 1 and t?
1
Suppose 15 = 4*j - j. Suppose 4*y - 3*u = 375, 2*y - 165 = -j*u + 2*u. Calculate the greatest common factor of y and 18.
18
Let x(a) = -a**3 - 7*a**2 - 9*a - 74. Let f be x(-12). Calculate the highest common divisor of 52 and f.
26
Let f(z) = -3*z + z - 3 + 6*z. Let m be f(6). Suppose 2*x = 6*x - a - 837, -4*a + 1062 = 5*x. Calculate the greatest common factor of x and m.
21
Suppose 0 = -7*n + 2 + 33. Suppose 5*i = -n - 20, q = -5*i + 23. Calculate the highest common divisor of 12 and q.
12
Let k(j) = 3*j**3 + 3*j**2 - 5*j - 7. Suppose -4*u - 2 = 10. Let f be k(u). Let g = -20 - f. Calculate the greatest common factor of 65 and g.
13
Let f = 689 - 591. Calculate the greatest common divisor of 2058 and f.
98
Let s = 188 + -173. What is the greatest common divisor of s and 10?
5
Let s = -4 - -17. Let m(v) = v - 7. Let d be m(9). Suppose -d*u + i + 134 = 0, 3*i - 53 = -3*u + 2*u. Calculate the greatest common factor of u and s.
13
Let r(p) = 39*p**2 + 31*p + 12. Let b be r(-5). What is the highest common factor of b and 39?
13
Let s(q) = -2*q**3 + 32*q**2 + 4*q + 40. Let v be s(16). What is the highest common factor of v and 13?
13
Suppose -91 = -3*b - 5*q, -85 = -5*b + 5*q - 0*q. Calculate the greatest common factor of 1 and b.
1
Let m be (1 - 3)/(-6 + 4) + 12. What is the highest common factor of m and 104?
13
Let w be -2 + 109 + -1*2. Let t be (16 + (-423)/18)*(1 + -3). What is the highest common factor of t and w?
15
Let t be 0*(-1)/1 - 4. Let a be (-1)/t + 3670/8. Suppose -5*m - 9 + a = 0. What is 